f s and o.
4
Let z be (-2)/9 - 83/(-9). Let y(k) = -k**2 - k + 27. Let x be (1 + 8/(-6))*0. Let n be y(x). Calculate the greatest common divisor of z and n.
9
Let p be -7 - -7 - (-16 - 2). Let y = p + -8. What is the greatest common divisor of 4 and y?
2
Let u(n) = 6*n - 2. Let a be u(2). Calculate the greatest common factor of 10 and a.
10
Let p(t) = 48*t + 2. Let h be p(1). Calculate the highest common factor of 10 and h.
10
Let n be (-4)/(8/3)*-22. Calculate the highest common factor of 11 and n.
11
Let i be (6/3 + -8)/(-1). Suppose -k = -i*k. Suppose k = u - 11 + 3. Calculate the highest common divisor of 88 and u.
8
Let t = 74 - 119. Let d be -3 - (t + -2 + 0). Calculate the greatest common divisor of 11 and d.
11
Suppose 6 = -3*q - 0. Let l(k) = -k**2 - 4*k - 2. Let o be l(q). What is the greatest common factor of 6 and o?
2
Let h = 9 - 2. Let c = h - 2. Calculate the greatest common factor of 10 and c.
5
Suppose 7 + 1 = -4*c, 3*c = h - 76. Calculate the greatest common divisor of h and 42.
14
Let v(l) = 8*l**3 + l**2 - 3*l + 1. Let k be v(1). What is the highest common divisor of k and 14?
7
Suppose -954 = 4*r - 6*r. Suppose r = 4*o - 3*t, -o + t + 0*t + 120 = 0. Calculate the greatest common divisor of o and 13.
13
Let y = -36 + 64. What is the greatest common factor of y and 7?
7
Suppose -3*u = 3*b - 30, b + 4*b - 14 = u. Let z be 0 + -1*(0 - 1). Let m be 17*z + -4 + 5. What is the highest common factor of m and u?
6
Let r = 9 - 5. Suppose 9 = -r*p - 15. Let l be (-94)/(-10) + p/15. Calculate the highest common factor of l and 72.
9
Suppose -3*g = -4*g. Suppose -5*t = 4*b - 129, -2*b + g*t = 2*t - 66. What is the greatest common divisor of b and 12?
12
Let m be 46/2*(4 - 7). Let j = m + 159. What is the highest common factor of 10 and j?
10
Let j = -28 - -31. Calculate the highest common divisor of j and 3.
3
Let q = 6 - 1. What is the highest common divisor of 1 and q?
1
Suppose -13 = -b - 7. Calculate the highest common factor of b and 60.
6
Let q(n) = -6*n - 5. Let l(g) = -g. Let x(m) = -4*l(m) + q(m). Let u be x(-5). Suppose 550 = u*r - 0*r. Calculate the highest common factor of 10 and r.
10
Let y be (-4)/(-1)*(-2)/(-4). Suppose -5*g = -y - 8. Calculate the greatest common divisor of g and 6.
2
Let a = 131 - 89. Let q be (42/(-2))/((-1)/1). Calculate the greatest common divisor of q and a.
21
Suppose 0 = 4*a - 0*a - g - 787, -4*a + 2*g + 782 = 0. What is the greatest common divisor of a and 22?
22
Let u(g) = 7*g - 2. Let w be u(1). Suppose 0 = -5*m - 2*b + w + 6, -4*m + 4 = 4*b. Calculate the greatest common divisor of 24 and m.
3
Suppose -r - 4*r = 0. Let a = 5 + r. What is the greatest common divisor of 45 and a?
5
Suppose b = -4*b + 30. Suppose -3*l = -6*l - b. Let p = l - -6. What is the highest common divisor of 44 and p?
4
Suppose 2*i = 18 + 10. Let j(o) = 4*o**2 - 167*o + 14. Let f be j(42). What is the greatest common divisor of i and f?
14
Suppose -2*x + 9 = -l + 6*l, l = -4*x + 27. Let h(q) = 8*q**2 - 1. Let w be h(1). Calculate the highest common factor of x and w.
7
Let t(w) = w**2 - 4*w - 5. Let g = -1 + -3. Let p be t(g). Suppose -3*c = -0*c - 27. Calculate the greatest common divisor of p and c.
9
Let j(y) = -y**3 + 3*y**2 - y + 7. Let l be j(3). What is the greatest common factor of l and 8?
4
Let z(q) = -q**2 - 16*q - 3. Let b be z(-12). Let n = b - 15. Let t(d) = -d**3 + 3*d**2 + 2*d. Let x be t(3). Calculate the highest common divisor of n and x.
6
Suppose 0 = -3*t + 3*x - 208 + 562, 5*x + 470 = 4*t. Calculate the greatest common divisor of t and 30.
30
Suppose -2*t + 5*u + 6 = -6, 0 = -3*t + 5*u + 18. Suppose -2*a - 2*b + 332 = -t*b, 326 = 2*a - 2*b. What is the greatest common divisor of 20 and a?
20
Let f be (-2 + 12)*7 + 0. Let h be 2/(-3) - (-1)/(-3). Let r be 2*5*(2 + h). Calculate the highest common factor of f and r.
10
Suppose 2*f - f - 1 = 0. Let c = f + 11. Calculate the highest common factor of 36 and c.
12
Let c(f) = f**3 + 3*f**2 - 6*f - 5. Let i be c(-4). Suppose -33 = i*g + 15. Let k = 66 + g. Calculate the highest common divisor of k and 10.
10
Let o be -1 + 3 + -1 + 11. Let y be o/5*(-60)/(-18). Suppose 0*q - q + 90 = -2*a, 2*a - 262 = -3*q. Calculate the highest common divisor of q and y.
8
Let f = -5 + 6. Suppose -l + f = -0*l. What is the greatest common factor of 9 and l?
1
Suppose -c = u - 13, 5*c = -0*c - 4*u + 70. Let n be (6/(-9))/((-1)/c). Let l be (-1)/(1 - 2)*36. Calculate the highest common factor of l and n.
12
Let z be (-182)/(-5) - 10/25. Suppose -l = 2*l - z. Suppose 3*r - l = -5*g, -4*g + 6 = r + r. What is the greatest common divisor of r and 99?
9
Let v be (-18)/10 - (-28)/35 - -3. What is the highest common factor of v and 16?
2
Let w be (-2)/10 - 18/(-15). Let b be -3 + w - (-4 - -1). What is the highest common divisor of 9 and b?
1
Let d(x) = -29*x + 58*x + 16*x + 131*x. Let p be d(4). Suppose -p = -5*k + k. Calculate the greatest common divisor of 16 and k.
16
Let s be (2/(-3))/(3/261). Let i = -30 - s. Suppose -3*z + 4*z = 7. What is the greatest common divisor of z and i?
7
Let h(c) = -19*c**2 - 3*c. Let u(j) = 20*j**2 + 3*j + 1. Let a(g) = -4*h(g) - 3*u(g). Let z be a(-3). Calculate the highest common factor of 12 and z.
12
Let y = -2 + 14. Let a = -161 - -173. What is the greatest common divisor of a and y?
12
Suppose -2*s + 131 + 111 = 0. Let f(g) = 19*g - 27. Let v be f(2). What is the greatest common factor of v and s?
11
Let c = -50 + 51. Suppose 3*k - n - 4 = 4*n, -5*k = -3*n - 12. What is the greatest common factor of k and c?
1
Suppose -3*a + 150 = 2*a. Calculate the greatest common divisor of a and 6.
6
Suppose -8 = k - 5*k. Suppose -36 = -2*m - k*m. What is the highest common divisor of m and 1?
1
Suppose 4*l = 5*m - 57 + 17, 4*l = 3*m - 32. Suppose -m*c = 3 - 11. Suppose -j = 5*k - c*k - 14, k = j - 14. What is the greatest common divisor of j and 2?
2
Let q = -47 - -33. Let j be (-4)/q - 10/35. Suppose -50 = -5*y - j. Calculate the highest common factor of 90 and y.
10
Let m(l) = l**3 - 12*l**2 - 11*l - 5. Let g be m(13). Calculate the highest common factor of 63 and g.
21
Suppose 3*s = 3143 + 835. Suppose -4*v + s = -2*v. Let k be v/12 + 2/(-8). What is the highest common factor of 22 and k?
11
Suppose -4*v + 0*n + 3*n = -57, -4*v = -4*n - 52. Suppose 4*y = 3*y - v. Let o be y*((-1)/(-2) + -1). Calculate the highest common divisor of 18 and o.
9
Let w(d) = -d**2 + 18*d + 25. Let s be w(18). What is the highest common divisor of s and 5?
5
Suppose -4*t + 9 = -3*t. What is the greatest common divisor of t and 18?
9
Let i = -1 + 6. Suppose i*r = 2*g - 465, -2*g = -6*g - 5*r + 885. Calculate the highest common factor of 25 and g.
25
Let s = 8 - 6. Suppose 5*w - 31 = 19. Suppose -3*k + 2*k + w = 0. Calculate the greatest common divisor of s and k.
2
Suppose 69 = -j - 174. Let i = 362 + j. Let n(p) = 8*p + 1. Let c be n(2). What is the greatest common factor of i and c?
17
Suppose w = -3*s + 1, 0*w = w + 5. Suppose 2*b + 16 - 6 = 3*l, -4*l = 3*b - s. Suppose 0*k - l*k = -42. Calculate the highest common divisor of k and 21.
21
Suppose 0 = -2*g + 5*t + 14 + 15, 57 = 5*g + 3*t. Suppose 0 = -2*a, 0*a = 4*c - 4*a + g. Let d = c + 6. What is the highest common factor of d and 9?
3
Let d(f) = f + 5. Let w be d(-4). Let i be w/4 - (-62)/8. Calculate the greatest common divisor of i and 32.
8
Let m = 102 - 86. What is the highest common divisor of 4 and m?
4
Suppose -3*m - 6 = -5*p, -12 = -3*p - p. Suppose 45 + 108 = m*d. Calculate the greatest common factor of d and 34.
17
Let h be 8/(-14) + (-411)/(-21). Calculate the highest common divisor of h and 19.
19
Let j(a) = -a**2 + a - 4. Let q be j(3). Let l be ((-22)/(-3))/(q/(-15)). Calculate the highest common factor of l and 88.
11
Suppose -y = -7*y + 30. What is the highest common factor of y and 35?
5
Suppose 15*b - 16*b = -140. What is the highest common factor of b and 20?
20
Let n = -11 + 18. What is the greatest common factor of 14 and n?
7
Suppose 5*u - 1096 = 4*b, 5*u + b + 2*b = 1068. Calculate the greatest common factor of u and 24.
24
Suppose -i + 79 = 22. Calculate the greatest common divisor of i and 76.
19
Let m(j) = -j**2 - j + 17. Let v(g) = -7 - 3*g + 4*g + 4. Let d be v(3). Let q be m(d). What is